, 61, 163, 653
List the prime factors of 2419647.
3, 806549
What are the prime factors of 104000?
2, 5, 13
What are the prime factors of 444888?
2, 3, 37, 167
What are the prime factors of 761304?
2, 3, 31721
What are the prime factors of 48150?
2, 3, 5, 107
List the prime factors of 263757.
3, 13, 6763
List the prime factors of 3677030.
2, 5, 7, 52529
List the prime factors of 9596596.
2, 19, 126271
What are the prime factors of 2210377?
13, 170029
List the prime factors of 1032472.
2, 7, 103, 179
What are the prime factors of 151798?
2, 71, 1069
What are the prime factors of 285756?
2, 3, 23813
What are the prime factors of 6381762?
2, 3, 1063627
What are the prime factors of 1062867?
3, 13, 27253
What are the prime factors of 17382803?
29, 599407
List the prime factors of 2011748.
2, 502937
What are the prime factors of 5028052?
2, 1257013
List the prime factors of 9909103.
317, 31259
What are the prime factors of 19372?
2, 29, 167
List the prime factors of 622315.
5, 71, 1753
What are the prime factors of 14894422?
2, 7447211
What are the prime factors of 322786?
2, 251, 643
List the prime factors of 5540749.
59, 93911
List the prime factors of 678932.
2, 169733
What are the prime factors of 13286383?
11, 31, 47, 829
List the prime factors of 4691141.
7, 13, 51551
List the prime factors of 10196395.
5, 11, 67, 2767
What are the prime factors of 529285?
5, 37, 2861
List the prime factors of 6001976.
2, 109, 6883
List the prime factors of 407801.
407801
List the prime factors of 15575592.
2, 3, 19, 34157
List the prime factors of 5349680.
2, 5, 7, 41, 233
What are the prime factors of 16607302?
2, 37, 224423
What are the prime factors of 451848?
2, 3, 67, 281
What are the prime factors of 2185724?
2, 17, 32143
What are the prime factors of 30741458?
2, 11, 1397339
List the prime factors of 3945072.
2, 3, 82189
List the prime factors of 4109646.
2, 3, 67, 10223
List the prime factors of 12856935.
3, 5, 7, 13, 9419
List the prime factors of 520923.
3, 13, 19, 37
List the prime factors of 1447113.
3, 482371
What are the prime factors of 1300159?
7, 185737
List the prime factors of 11283.
3, 3761
List the prime factors of 220270.
2, 5, 22027
What are the prime factors of 396365?
5, 79273
List the prime factors of 3218750.
2, 5, 103
What are the prime factors of 1960576?
2, 17, 53
What are the prime factors of 563053?
31, 41, 443
What are the prime factors of 299502?
2, 3, 7, 2377
List the prime factors of 5843736.
2, 3, 81163
List the prime factors of 2043349.
7, 11, 17, 223
What are the prime factors of 893614?
2, 59, 7573
List the prime factors of 2284677.
3, 253853
List the prime factors of 118200.
2, 3, 5, 197
List the prime factors of 1520189.
11, 113, 1223
What are the prime factors of 397320?
2, 3, 5, 7, 11, 43
List the prime factors of 7303886.
2, 3651943
What are the prime factors of 509751?
3, 11, 19, 271
List the prime factors of 1447543.
1447543
List the prime factors of 273968.
2, 17123
What are the prime factors of 256831?
256831
List the prime factors of 210385.
5, 7, 6011
List the prime factors of 1123019.
101, 11119
What are the prime factors of 348364?
2, 17, 47, 109
What are the prime factors of 43671?
3, 14557
What are the prime factors of 20198342?
2, 10099171
What are the prime factors of 4887427?
19, 71, 3623
What are the prime factors of 1070842?
2, 347, 1543
What are the prime factors of 3343153?
11, 313, 971
What are the prime factors of 1433284?
2, 19, 18859
What are the prime factors of 816237?
3, 3359
What are the prime factors of 1403247?
3, 467749
What are the prime factors of 189024?
2, 3, 11, 179
List the prime factors of 909825.
3, 5, 7, 1733
List the prime factors of 1713965.
5, 11, 2833
What are the prime factors of 10935317?
19, 251, 2293
List the prime factors of 2088709.
7, 229, 1303
List the prime factors of 3336017.
3336017
What are the prime factors of 34954?
2, 17477
What are the prime factors of 4876590?
2, 3, 5, 162553
List the prime factors of 502490.
2, 5, 109, 461
List the prime factors of 2286929.
109, 20981
What are the prime factors of 3508?
2, 877
List the prime factors of 422661.
3, 89, 1583
List the prime factors of 12918919.
13, 993763
What are the prime factors of 139083?
3, 7, 37, 179
List the prime factors of 27786046.
2, 13893023
List the prime factors of 230339.
230339
List the prime factors of 5341221.
3, 23, 47, 61
List the prime factors of 673061.
29, 23209
List the prime factors of 2178307.
23, 94709
What are the prime factors of 2674844?
2, 29, 23059
What are the prime factors of 5435661?
3, 7, 11, 23531
List the prime factors of 507744.
2, 3, 41, 43
List the prime factors of 362365.
5, 23, 137
What are the prime factors of 247848?
2, 3, 23, 449
What are the prime factors of 669280?
2, 5, 47, 89
List the prime factors of 4796994.
2, 3, 43, 18593
List the prime factors of 5792451.
3, 7, 101, 2731
What are the prime factors of 231396?
2, 3, 11, 1753
List the prime factors of 2380648.
2, 297581
List the prime factors of 1130036.
2, 23, 71, 173
What are the prime factors of 24075232?
2, 752351
What are the prime factors of 817778?
2, 13, 71, 443
What are the prime factors of 332802?
2, 3, 6163
What are the prime factors of 1450905?
3, 5, 197, 491
List the prime factors of 356223.
3, 7, 16963
What are the prime factors of 30022240?
2, 5, 187639
List the prime factors of 6954629.
11, 157, 4027
What are the prime factors of 4368991?
11, 397181
What are the prime factors of 4903141?
1753, 2797
List the prime factors of 271356.
2, 3, 22613
What are the prime factors of 201608?
2, 11, 29, 79
What are the prime factors of 11246221?
7, 1606603
List the prime factors of 4611071.
4611071
What are the prime factors of 606917?
17, 19, 1879
List the prime factors of 512237.
11, 46567
What are the prime factors of 1375999?
19, 72421
List the prime factors of 650857.
71, 89, 103
What are the prime factors of 80722?
2, 40361
List the prime factors of 110457.
3, 4091
List the prime factors of 3092910.
2, 3, 5, 131, 787
List the prime factors of 1336577.
11, 121507
List the prime factors of 2240906.
2, 17, 3877
What are the prime factors of 339396?
2, 3, 28283
List the prime factors of 5359972.
2, 1339993
List the prime factors of 542662.
2, 23, 47, 251
What are the prime factors of 677736?
2, 3, 9413
List the prime factors of 911.
911
List the prime factors of 5659060.
2, 5, 11, 29, 887
What are the prime factors of 3511289?
349, 10061
List the prime factors of 155113.
7, 22159
What are the prime factors of 1674529?
331, 5059
What are the prime factors of 658193?
37, 17789
List the prime factors of 10911805.
5, 359, 6079
What are the prime factors of 753151?
7, 17, 6329
List the prime factors of 4761413.
4761413
List the prime factors of 891164.
2, 222791
What are the prime factors of 6217707?
3, 2072569
What are the prime factors of 602700?
2, 3, 5, 7, 41
What are the prime factors of 1646745?
3, 5, 311, 353
What are the prime factors of 3026355?
3, 5, 201757
List the prime factors of 911130.
2, 3, 5, 11, 251
List the prime factors of 864297.
3, 7, 17, 269
What are the prime factors of 3408338?
2, 1704169
List the prime factors of 790492.
2, 83, 2381
List the prime factors of 336963.
3, 11, 10211
What are the prime factors of 129181?
13, 19, 523
List the prime factors of 163541.
7, 61, 383
List the prime factors of 1421327.
47, 30241
What are the prime factors of 165438?
2, 3, 7, 13, 101
List the prime factors of 63453.
3, 13, 1627
List the prime factors of 115278.
2, 3, 19213
List the prime factors of 279442.
2, 139721
List the prime factors of 6769574.
2, 7, 483541
What are the prime factors of 88381?
31, 2851
List the prime factors of 16795973.
71, 236563
List the prime factors of 1072721.
13, 19, 43, 101
What are the prime factors of 231686?
2, 7, 13, 19, 67
What are the prime factors of 250662?
2, 3, 41777
List the prime factors of 125519.
31, 4049
List the prime factors of 77667.
3, 25889
List the prime factors of 1157056.
2, 101, 179
What are the prime factors of 11933950?
2, 5, 7, 4871
List the prime factors of 2276140.
2, 5, 73, 1559
What are the prime factors of 4762924?
2, 17, 89, 787
List the prime factors of 505183.
7, 72169
List the prime factors of 28261.
59, 479
What are the prime